 What is v(-16)?
87
Let g(d) = -d**2 - 10*d + 12. Determine g(-11).
1
Let x(h) = 2*h**2 + 76*h + 716. Calculate x(-22).
12
Let w(b) = b**3 - 16*b**2 - b + 66. Determine w(9).
-510
Let m(p) = 1018*p + 9171. Calculate m(-9).
9
Let r(b) = -137*b**2 + 64*b - 63. Determine r(1).
-136
Let t(b) = b**3 + 25*b**2 - 86*b - 32. Calculate t(-28).
24
Let y(k) = -944*k - 188. What is y(-2)?
1700
Let j(r) = 34*r - 1194. Determine j(34).
-38
Let k(h) = -h**3 + 29*h**2 + 23*h + 251. Calculate k(30).
41
Let q(u) = -u**2 + 26*u - 195. What is q(9)?
-42
Let n(f) = f**2 + 60*f + 861. Determine n(-36).
-3
Let t(x) = x**3 + 24*x**2 + 60*x - 75. What is t(-21)?
-12
Let p(n) = n**2 + 36*n - 64. Calculate p(2).
12
Let u(y) = -3*y + 157. What is u(55)?
-8
Let d(x) = 20*x - 2. Determine d(1).
18
Let m(g) = g**2 - 337*g - 5255. Determine m(-15).
25
Let a(y) = -7*y**2 - 294*y + 2015. Calculate a(6).
-1
Let b(o) = 7*o**2 + 9*o - 8. Give b(-2).
2
Let s(q) = -151*q - 811. Calculate s(-5).
-56
Let z(t) = -6*t - 27. What is z(-10)?
33
Let d(x) = -2*x**2 + 3*x - 44. Determine d(0).
-44
Let h(p) = p**3 - 212*p**2 + 6609*p + 519. What is h(174)?
-3
Let f(r) = -899*r - 4512. Give f(-5).
-17
Let k(h) = h**2 - 12069*h - 120794. Give k(-10).
-4
Let y(w) = -w**2 - 336*w + 4520. Give y(-349).
-17
Let t(u) = -18*u - 22. Give t(2).
-58
Let d(z) = -z**3 + 90*z**2 - 341*z - 266. Calculate d(86).
-8
Let a(v) = -11*v**2 - 443*v - 116. What is a(-40)?
4
Let v(d) = 147*d + 624. Give v(-5).
-111
Let y(s) = 3*s - 126. Calculate y(-9).
-153
Let z(s) = 2*s**2 - 17*s - 15. Give z(10).
15
Let x(q) = 2*q**3 - 14*q**2 - 15*q - 8. Calculate x(-6).
-854
Let x(h) = 72*h + 4197. Give x(-58).
21
Let d(c) = 157*c + 633. Give d(-4).
5
Let b(o) = -37*o + 1140. What is b(44)?
-488
Let v(w) = -w**2 + 70*w + 645. Determine v(-8).
21
Let f(o) = -3344*o + 10041. Give f(3).
9
Let n(q) = 4*q**2 - 169*q + 512. Give n(3).
41
Let b(d) = -76*d + 5098. Calculate b(67).
6
Let l(n) = -6*n**3 - 7*n**2 + 177*n - 176. Determine l(1).
-12
Let a(o) = o**3 - 22*o**2 - 111*o + 125. Give a(-5).
5
Let r(t) = -2*t**3 - 13*t**2 + 114*t + 156. Calculate r(-11).
-9
Let p(h) = h**3 - 17*h**2 + 5*h + 20. What is p(17)?
105
Let s(f) = -f**3 + 22*f**2 + 48*f + 6. Determine s(24).
6
Let t(b) = -47*b + 191. Determine t(4).
3
Let w(u) = -74*u - 95. Calculate w(0).
-95
Let b(h) = 11*h + 35. Calculate b(-17).
-152
Let g(x) = -x**2 - 570*x + 16023. Give g(27).
-96
Let x(m) = 3*m**2 + 94*m - 63. Calculate x(-33).
102
Let r(y) = -2*y**2 + 49*y - 135. Calculate r(21).
12
Let m(n) = -142*n + 1139. What is m(8)?
3
Let o(q) = q**3 - 85*q**2 + 100*q - 1360. What is o(84)?
-16
Let d(w) = -w**2 - 17*w - 49. What is d(-16)?
-33
Let m(l) = l**3 - 23*l**2 - 25*l - 92. Give m(24).
-116
Let q(r) = -r**3 + 82*r**2 + 6*r - 519. Give q(82).
-27
Let o(i) = -i**3 + 29*i**2 + 95*i + 8. Give o(32).
-24
Let r(h) = 2*h**3 - 20*h**2 - 50*h + 495. Determine r(10).
-5
Let q(m) = 24*m**2 - 84*m + 89. Calculate q(4).
137
Let z(v) = 58*v + 3294. What is z(-57)?
-12
Let d(q) = 3*q**2 - 31*q + 110. Give d(7).
40
Let i(d) = 39*d - 281. Calculate i(15).
304
Let m(f) = f**3 + 4*f**2 + 127*f + 742. Calculate m(-6).
-92
Let o(j) = -936*j + 4708. Give o(5).
28
Let i(u) = -3*u**2 - 20*u + 61. Calculate i(-12).
-131
Let i(c) = 40*c + 181. Give i(-4).
21
Let u(l) = -142*l**2 + 1985*l + 35. What is u(14)?
-7
Let d(z) = -1099*z + 162644. Determine d(148).
-8
Let d(n) = -508*n + 4574. Give d(9).
2
Let r(a) = 332*a - 1282. Give r(4).
46
Let q(a) = a**2 - 422*a - 2998. Determine q(-7).
5
Let l(x) = x**3 - 2*x**2 - 5*x - 8. Give l(-5).
-158
Let n(f) = 1000*f**2 + 82*f - 3. Calculate n(-1).
915
Let x(w) = 116*w + 19960. Determine x(-172).
8
Let p(t) = -5*t**2 + 237*t - 82. Determine p(47).
12
Let g(y) = 121*y + 149. What is g(-2)?
-93
Let i(w) = w**3 + 12*w**2 + 29*w + 3. Give i(-7).
45
Let l(v) = -v**2 + 20*v + 980. Give l(-23).
-9
Let s(n) = -183*n - 539. What is s(-3)?
10
Let u(q) = -13*q - 278. What is u(-19)?
-31
Let n(u) = -u**3 - 47*u**2 - 7*u + 1728. What is n(-46)?
-66
Let j(a) = -22*a + 40. Calculate j(1).
18
Let x(b) = -95*b - 917. Calculate x(-10).
33
Let u(o) = -14002*o - 14017. Determine u(-1).
-15
Let c(f) = -f**2 - 457*f - 42. What is c(0)?
-42
Let u(n) = 159*n - 1433. Give u(9).
-2
Let k(s) = -5*s**2 - 60*s + 427. Calculate k(5).
2
Let b(s) = 17*s - 4. Give b(-27).
-463
Let d(c) = c**3 + 49*c**2 + 445*c + 127. Determine d(-37).
90
Let y(x) = x**2 + 8*x - 3349. Determine y(-62).
-1
Let v(x) = 241*x + 1933. Give v(-8).
5
Let h(t) = -640*t + 3796. Give h(6).
-44
Let j(i) = -139*i - 18531. What is j(-133)?
-44
Let g(x) = 3*x**3 - 102*x**2 + 299*x - 45. Calculate g(3).
15
Let v(d) = d**2 + 26*d - 44. What is v(-27)?
-17
Let n(h) = -22*h**2 - 17*h + 55. What is n(-2)?
1
Let y(v) = v**3 + 9*v**2 + 2*v - 25. Determine y(0).
-25
Let z(q) = 162*q**2 - 1785*q + 31. What is z(11)?
-2
Let f(k) = k + 110. Give f(-57).
53
Let l(x) = -185*x - 1879. Calculate l(-10).
-29
Let m(c) = c**3 + 21*c**2 + 38*c - 45. Calculate m(-19).
-45
Let u(v) = -v**2 - 25*v + 593. What is u(14)?
47
Let i(h) = -h**3 + 18*h**2 + 106*h - 24. What is i(23)?
-231
Let p(r) = -36*r + 1569. Calculate p(49).
-195
Let i(o) = 68*o - 151. Give i(5).
189
Let b(d) = -4*d**3 - 23*d**2 - 31*d - 159. Calculate b(-6).
63
Let i(q) = q**2 + q - 54. Determine i(6).
-12
Let j(a) = 3*a**3 + 9*a**2 + 93*a + 280. Determine j(-3).
1
Let d(b) = -413*b**3 - 2*b**2 - b + 3. What is d(1)?
-413
Let z(d) = 3*d**3 + 14*d**2 + 31*d + 9. Calculate z(-3).
-39
Let c(a) = -112*a - 921. Give c(-9).
87
Let h(m) = m**3 + 66*m**2 + 561*m + 58. What is h(-56)?
2
Let m(f) = f**2 - 498*f - 1983. Calculate m(-4).
25
Let h(f) = -6*f**2 + 82*f - 21. What is h(11)?
155
Let o(u) = 2*u**2 + 277*u + 4928. Determine o(-21).
-7
Let j(r) = 6*r**3 - 151*r**2 + 49*r - 592. Give j(25).
8
Let r(a) = -15*a - 95. What is r(2)?
-125
Let p(n) = 79*n + 21. Determine p(-2).
-137
Let z(h) = 1479*h - 1473. Determine z(1).
6
Let b(r) = -r**2 + 124*r - 1341. Determine b(12).
3
Let k(r) = -4166*r - 54155. Determine k(-13).
3
Let b(h) = 14*h - 129. Give b(16).
95
Let u(z) = -2025*z + 459670. Determine u(227).
-5
Let x(g) = -508*g - 4574. Give x(-9).
-2
Let i(h) = -29*h**2 + 950*h + 950. What is i(-1)?
-29
Let j(t) = -4*t**2 + 46*t + 51. What is j(13)?
-27
Let g(w) = -648*w + 3004. Calculate g(5).
-236
Let f(q) = -12*q + 171. Give f(0).
171
Let w(j) = -177*j + 19296. Determine w(109).
3
Let b(o) = -o**3 + 9*o**2 - 10*o - 35. What is b(7)?
-7
Let r(l) = -l**3 - 88*l**2 - 413*l + 161. What is r(-83)?
-5
Let w(g) = -6*g - 27. Give w(7).
-69
Let p(h) = 8*h + 232. What is p(-35)?
-48
Let l(n) = 2*n**2 - 127*n + 1904. What is l(33)?
-109
Let i(g) = -g**2 + 31*g - 73. Give i(3).
11
Let y(n) = -n**3 - 14*n**2 + 20*n + 10. Calculate y(-16).
202
Let z(q) = 5*q + 12. Give z(-4).
-8
Let r(c) = 127*c + 2541. What is r(-20)?
1
Let l(x) = x**3 + 18*x**2 + 28*x - 2. What is l(-15)?
253
Let b(o) = -o**3 + 22*o**2 - 45*o + 212. What is b(20)?
112
Let z(j) = -2*j**2 - 3*j - 63. Determine z(5).
-128
Let v(m) = -108*m + 2488. Give v(23).
4
Let v(s) = 65*s - 2142. Calculate v(33).
3
Let m(w) = -w**3 - 14*w**2 + 178*w - 343. Calculate m(6).
5
Let d(i) = -173*i + 88. Give d(1).
-85
Let p(v) = v**2 - 64*v - 334. What is p(-5)?
11
Let k(b) = -417*b + 9174. What is k(22)?
0
Let t(x) = -x**3 + 6*x**2 + 395*x - 95. Calculate t(23).
-3
Let s(r) = r**3 + 52*r**2 + 147*r - 52. Give s(-49).
-52
Let u(s) = -19*s**2 + 135*s + 147. What is u(8)?
11
Let r(u) = 2*u**2 + 35*u - 57. Give r(-20).
43
Let a(f) = -64*f + 76. What is a(4)?
-180
Let r(m) = -m**2 + 20*m - 89. What is r(12)?
7
Let u(h) = h**3 - 29*h**2 - h + 19. Give u(29).
-10
Let g(r) = 55*r + 882. Determine g(-16).
2
Let k(l) = l**3 + 9*l**2 - 35*l - 340. Give k(-7).
3
Let z(y) = 3*y**2 - 45*y + 130. Give z(10).
-20
Let s(m) = -3*m**2 - 63*m - 140. Calculate s(-17).
64
Let v(z) = -933*z + 6532. What is v(7)?
1
Let i(r) = 2*r**2 + 187*r + 136. Calculate i(-93).
43
Let a(m) = m**2 - 73*m + 455. Determine a(7).
-7
Let s(k) = -51*k + 17. Determine s(-1).
68
Let j(i) = i**3 + 86*i**2 + 324*i - 326. What is j(-82)?
2
Let t(r) = -3*r**2 - 149*r - 10. Calculate t(-50).
-60
Let m(g) = -11*g**2 + 114*g + 7. What is m(11)?
-70
Let q(w) = -27*w + 89. What is q(-21)?
